{"id":1880,"date":"2022-07-05T13:16:57","date_gmt":"2022-07-05T13:16:57","guid":{"rendered":"https:\/\/www.elevamon.com\/mantenimiento-ascensores-montacargas\/muntatge-de-cabina-a-sant-cugat-video\/"},"modified":"2022-07-05T13:16:57","modified_gmt":"2022-07-05T13:16:57","slug":"muntatge-de-cabina-a-sant-cugat-video","status":"publish","type":"project","link":"https:\/\/www.elevamon.com\/ca\/mantenimiento-ascensores-montacargas\/muntatge-de-cabina-a-sant-cugat-video\/","title":{"rendered":"Muntatge de cabina a Sant Cugat (V\u00cdDEO)"},"content":{"rendered":"<p>[et_pb_section fb_built=&#8221;1&#8243; _builder_version=&#8221;4.2.2&#8243; global_colors_info=&#8221;{}&#8221;][et_pb_row column_structure=&#8221;1_2,1_2&#8243; _builder_version=&#8221;4.2.2&#8243; global_colors_info=&#8221;{}&#8221;][et_pb_column type=&#8221;1_2&#8243; _builder_version=&#8221;4.2.2&#8243; global_colors_info=&#8221;{}&#8221;][et_pb_video src=&#8221;https:\/\/youtu.be\/RfOqY6ZXPO0&#8243; image_src=&#8221;\/\/i.ytimg.com\/vi\/RfOqY6ZXPO0\/hqdefault.jpg&#8221; _builder_version=&#8221;4.14.5&#8243; global_colors_info=&#8221;{}&#8221;][\/et_pb_video][\/et_pb_column][et_pb_column type=&#8221;1_2&#8243; _builder_version=&#8221;4.2.2&#8243; global_colors_info=&#8221;{}&#8221;][et_pb_text _builder_version=&#8221;4.14.5&#8243; header_3_line_height=&#8221;1.4em&#8221; custom_margin=&#8221;42px|||||&#8221; global_colors_info=&#8221;{}&#8221;]<\/p>\n<h3 style=\"text-align: center;\"><strong>MUNTATGE DE CABINA<\/strong><\/h3>\n<p>[\/et_pb_text][et_pb_text _builder_version=&#8221;4.14.5&#8243; global_colors_info=&#8221;{}&#8221;]<\/p>\n<p style=\"text-align: center;\">Els nostres t\u00e8cnics han fet el muntatge d&#8217;una cabina a Sant Cugat del Vall\u00e8s.<\/p>\n<p>[\/et_pb_text][\/et_pb_column][\/et_pb_row][\/et_pb_section]<\/p>\n","protected":false},"excerpt":{"rendered":"<p>MUNTATGE DE CABINAEls nostres t\u00e8cnics han fet el muntatge d&#8217;una cabina a Sant Cugat del Vall\u00e8s.<\/p>\n","protected":false},"author":2,"featured_media":1823,"comment_status":"open","ping_status":"closed","template":"","meta":{"_et_pb_use_builder":"on","_et_pb_old_content":"","_et_gb_content_width":"","footnotes":""},"project_category":[],"project_tag":[],"class_list":["post-1880","project","type-project","status-publish","has-post-thumbnail","hentry"],"yoast_head":"<!-- This site is optimized with the Yoast SEO plugin v26.8 - https:\/\/yoast.com\/product\/yoast-seo-wordpress\/ -->\n<title>Muntatge cabina ascensor Sant Cugat del Vall\u00e8s | Elevamon Elevadors S.L.<\/title>\n<meta name=\"robots\" content=\"index, follow, max-snippet:-1, max-image-preview:large, max-video-preview:-1\" \/>\n<link rel=\"canonical\" href=\"https:\/\/www.elevamon.com\/ca\/mantenimiento-ascensores-montacargas\/muntatge-de-cabina-a-sant-cugat-video\/\" \/>\n<meta property=\"og:locale\" content=\"ca_ES\" \/>\n<meta property=\"og:type\" content=\"article\" \/>\n<meta property=\"og:title\" content=\"Muntatge cabina ascensor Sant Cugat del Vall\u00e8s | Elevamon Elevadors S.L.\" \/>\n<meta property=\"og:description\" content=\"MUNTATGE DE CABINAEls nostres t\u00e8cnics han fet el muntatge d&#039;una cabina a Sant Cugat del Vall\u00e8s.\" \/>\n<meta property=\"og:url\" content=\"https:\/\/www.elevamon.com\/ca\/mantenimiento-ascensores-montacargas\/muntatge-de-cabina-a-sant-cugat-video\/\" \/>\n<meta property=\"og:site_name\" content=\"Elevamon Elevadores S.L.\" \/>\n<meta property=\"og:image\" content=\"https:\/\/www.elevamon.com\/wp-content\/uploads\/2022\/07\/montaje-cabina-ascensor-sant-cugat-elevamon.jpg\" \/>\n\t<meta property=\"og:image:width\" content=\"500\" \/>\n\t<meta property=\"og:image:height\" content=\"354\" \/>\n\t<meta property=\"og:image:type\" content=\"image\/jpeg\" \/>\n<meta name=\"twitter:card\" content=\"summary_large_image\" \/>\n<meta name=\"twitter:label1\" content=\"Temps estimat de lectura\" \/>\n\t<meta name=\"twitter:data1\" content=\"1 minut\" \/>\n<script type=\"application\/ld+json\" class=\"yoast-schema-graph\">{\"@context\":\"https:\/\/schema.org\",\"@graph\":[{\"@type\":\"WebPage\",\"@id\":\"https:\/\/www.elevamon.com\/ca\/mantenimiento-ascensores-montacargas\/muntatge-de-cabina-a-sant-cugat-video\/\",\"url\":\"https:\/\/www.elevamon.com\/ca\/mantenimiento-ascensores-montacargas\/muntatge-de-cabina-a-sant-cugat-video\/\",\"name\":\"Muntatge cabina ascensor Sant Cugat del Vall\u00e8s | Elevamon Elevadors S.L.\",\"isPartOf\":{\"@id\":\"https:\/\/www.elevamon.com\/ca\/#website\"},\"primaryImageOfPage\":{\"@id\":\"https:\/\/www.elevamon.com\/ca\/mantenimiento-ascensores-montacargas\/muntatge-de-cabina-a-sant-cugat-video\/#primaryimage\"},\"image\":{\"@id\":\"https:\/\/www.elevamon.com\/ca\/mantenimiento-ascensores-montacargas\/muntatge-de-cabina-a-sant-cugat-video\/#primaryimage\"},\"thumbnailUrl\":\"https:\/\/www.elevamon.com\/wp-content\/uploads\/2022\/07\/montaje-cabina-ascensor-sant-cugat-elevamon.jpg\",\"datePublished\":\"2022-07-05T13:16:57+00:00\",\"breadcrumb\":{\"@id\":\"https:\/\/www.elevamon.com\/ca\/mantenimiento-ascensores-montacargas\/muntatge-de-cabina-a-sant-cugat-video\/#breadcrumb\"},\"inLanguage\":\"ca\",\"potentialAction\":[{\"@type\":\"ReadAction\",\"target\":[\"https:\/\/www.elevamon.com\/ca\/mantenimiento-ascensores-montacargas\/muntatge-de-cabina-a-sant-cugat-video\/\"]}]},{\"@type\":\"ImageObject\",\"inLanguage\":\"ca\",\"@id\":\"https:\/\/www.elevamon.com\/ca\/mantenimiento-ascensores-montacargas\/muntatge-de-cabina-a-sant-cugat-video\/#primaryimage\",\"url\":\"https:\/\/www.elevamon.com\/wp-content\/uploads\/2022\/07\/montaje-cabina-ascensor-sant-cugat-elevamon.jpg\",\"contentUrl\":\"https:\/\/www.elevamon.com\/wp-content\/uploads\/2022\/07\/montaje-cabina-ascensor-sant-cugat-elevamon.jpg\",\"width\":500,\"height\":354,\"caption\":\"Montaje cabina ascensor\"},{\"@type\":\"BreadcrumbList\",\"@id\":\"https:\/\/www.elevamon.com\/ca\/mantenimiento-ascensores-montacargas\/muntatge-de-cabina-a-sant-cugat-video\/#breadcrumb\",\"itemListElement\":[{\"@type\":\"ListItem\",\"position\":1,\"name\":\"Portada\",\"item\":\"https:\/\/www.elevamon.com\/ca\/inici\/\"},{\"@type\":\"ListItem\",\"position\":2,\"name\":\"Projects\",\"item\":\"https:\/\/www.elevamon.com\/ca\/mantenimiento-ascensores-montacargas\/\"},{\"@type\":\"ListItem\",\"position\":3,\"name\":\"Muntatge de cabina a Sant Cugat (V\u00cdDEO)\"}]},{\"@type\":\"WebSite\",\"@id\":\"https:\/\/www.elevamon.com\/ca\/#website\",\"url\":\"https:\/\/www.elevamon.com\/ca\/\",\"name\":\"Elevamon Elevadores S.L.\",\"description\":\"Mantenimiento de Ascensores Barcelona y Rub&iacute; | Instalaci&oacute;n, mantenimiento y reparaci&oacute;n de ascensores\",\"publisher\":{\"@id\":\"https:\/\/www.elevamon.com\/ca\/#organization\"},\"potentialAction\":[{\"@type\":\"SearchAction\",\"target\":{\"@type\":\"EntryPoint\",\"urlTemplate\":\"https:\/\/www.elevamon.com\/ca\/?s={search_term_string}\"},\"query-input\":{\"@type\":\"PropertyValueSpecification\",\"valueRequired\":true,\"valueName\":\"search_term_string\"}}],\"inLanguage\":\"ca\"},{\"@type\":\"Organization\",\"@id\":\"https:\/\/www.elevamon.com\/ca\/#organization\",\"name\":\"Elevam\u00f3n Elevadores S.L.\",\"url\":\"https:\/\/www.elevamon.com\/ca\/\",\"logo\":{\"@type\":\"ImageObject\",\"inLanguage\":\"ca\",\"@id\":\"https:\/\/www.elevamon.com\/ca\/#\/schema\/logo\/image\/\",\"url\":\"https:\/\/www.elevamon.com\/wp-content\/uploads\/2019\/12\/logo-elevamon.png\",\"contentUrl\":\"https:\/\/www.elevamon.com\/wp-content\/uploads\/2019\/12\/logo-elevamon.png\",\"width\":245,\"height\":205,\"caption\":\"Elevam\u00f3n Elevadores S.L.\"},\"image\":{\"@id\":\"https:\/\/www.elevamon.com\/ca\/#\/schema\/logo\/image\/\"},\"sameAs\":[\"https:\/\/www.youtube.com\/channel\/UC6bKkiPq-5OK8IiQqcGTttg\"]}]}<\/script>\n<!-- \/ Yoast SEO plugin. -->","yoast_head_json":{"title":"Muntatge cabina ascensor Sant Cugat del Vall\u00e8s | Elevamon Elevadors S.L.","robots":{"index":"index","follow":"follow","max-snippet":"max-snippet:-1","max-image-preview":"max-image-preview:large","max-video-preview":"max-video-preview:-1"},"canonical":"https:\/\/www.elevamon.com\/ca\/mantenimiento-ascensores-montacargas\/muntatge-de-cabina-a-sant-cugat-video\/","og_locale":"ca_ES","og_type":"article","og_title":"Muntatge cabina ascensor Sant Cugat del Vall\u00e8s | Elevamon Elevadors S.L.","og_description":"MUNTATGE DE CABINAEls nostres t\u00e8cnics han fet el muntatge d'una cabina a Sant Cugat del Vall\u00e8s.","og_url":"https:\/\/www.elevamon.com\/ca\/mantenimiento-ascensores-montacargas\/muntatge-de-cabina-a-sant-cugat-video\/","og_site_name":"Elevamon Elevadores S.L.","og_image":[{"width":500,"height":354,"url":"https:\/\/www.elevamon.com\/wp-content\/uploads\/2022\/07\/montaje-cabina-ascensor-sant-cugat-elevamon.jpg","type":"image\/jpeg"}],"twitter_card":"summary_large_image","twitter_misc":{"Temps estimat de lectura":"1 minut"},"schema":{"@context":"https:\/\/schema.org","@graph":[{"@type":"WebPage","@id":"https:\/\/www.elevamon.com\/ca\/mantenimiento-ascensores-montacargas\/muntatge-de-cabina-a-sant-cugat-video\/","url":"https:\/\/www.elevamon.com\/ca\/mantenimiento-ascensores-montacargas\/muntatge-de-cabina-a-sant-cugat-video\/","name":"Muntatge cabina ascensor Sant Cugat del Vall\u00e8s | Elevamon Elevadors S.L.","isPartOf":{"@id":"https:\/\/www.elevamon.com\/ca\/#website"},"primaryImageOfPage":{"@id":"https:\/\/www.elevamon.com\/ca\/mantenimiento-ascensores-montacargas\/muntatge-de-cabina-a-sant-cugat-video\/#primaryimage"},"image":{"@id":"https:\/\/www.elevamon.com\/ca\/mantenimiento-ascensores-montacargas\/muntatge-de-cabina-a-sant-cugat-video\/#primaryimage"},"thumbnailUrl":"https:\/\/www.elevamon.com\/wp-content\/uploads\/2022\/07\/montaje-cabina-ascensor-sant-cugat-elevamon.jpg","datePublished":"2022-07-05T13:16:57+00:00","breadcrumb":{"@id":"https:\/\/www.elevamon.com\/ca\/mantenimiento-ascensores-montacargas\/muntatge-de-cabina-a-sant-cugat-video\/#breadcrumb"},"inLanguage":"ca","potentialAction":[{"@type":"ReadAction","target":["https:\/\/www.elevamon.com\/ca\/mantenimiento-ascensores-montacargas\/muntatge-de-cabina-a-sant-cugat-video\/"]}]},{"@type":"ImageObject","inLanguage":"ca","@id":"https:\/\/www.elevamon.com\/ca\/mantenimiento-ascensores-montacargas\/muntatge-de-cabina-a-sant-cugat-video\/#primaryimage","url":"https:\/\/www.elevamon.com\/wp-content\/uploads\/2022\/07\/montaje-cabina-ascensor-sant-cugat-elevamon.jpg","contentUrl":"https:\/\/www.elevamon.com\/wp-content\/uploads\/2022\/07\/montaje-cabina-ascensor-sant-cugat-elevamon.jpg","width":500,"height":354,"caption":"Montaje cabina ascensor"},{"@type":"BreadcrumbList","@id":"https:\/\/www.elevamon.com\/ca\/mantenimiento-ascensores-montacargas\/muntatge-de-cabina-a-sant-cugat-video\/#breadcrumb","itemListElement":[{"@type":"ListItem","position":1,"name":"Portada","item":"https:\/\/www.elevamon.com\/ca\/inici\/"},{"@type":"ListItem","position":2,"name":"Projects","item":"https:\/\/www.elevamon.com\/ca\/mantenimiento-ascensores-montacargas\/"},{"@type":"ListItem","position":3,"name":"Muntatge de cabina a Sant Cugat (V\u00cdDEO)"}]},{"@type":"WebSite","@id":"https:\/\/www.elevamon.com\/ca\/#website","url":"https:\/\/www.elevamon.com\/ca\/","name":"Elevamon Elevadores S.L.","description":"Mantenimiento de Ascensores Barcelona y Rub&iacute; | Instalaci&oacute;n, mantenimiento y reparaci&oacute;n de ascensores","publisher":{"@id":"https:\/\/www.elevamon.com\/ca\/#organization"},"potentialAction":[{"@type":"SearchAction","target":{"@type":"EntryPoint","urlTemplate":"https:\/\/www.elevamon.com\/ca\/?s={search_term_string}"},"query-input":{"@type":"PropertyValueSpecification","valueRequired":true,"valueName":"search_term_string"}}],"inLanguage":"ca"},{"@type":"Organization","@id":"https:\/\/www.elevamon.com\/ca\/#organization","name":"Elevam\u00f3n Elevadores S.L.","url":"https:\/\/www.elevamon.com\/ca\/","logo":{"@type":"ImageObject","inLanguage":"ca","@id":"https:\/\/www.elevamon.com\/ca\/#\/schema\/logo\/image\/","url":"https:\/\/www.elevamon.com\/wp-content\/uploads\/2019\/12\/logo-elevamon.png","contentUrl":"https:\/\/www.elevamon.com\/wp-content\/uploads\/2019\/12\/logo-elevamon.png","width":245,"height":205,"caption":"Elevam\u00f3n Elevadores S.L."},"image":{"@id":"https:\/\/www.elevamon.com\/ca\/#\/schema\/logo\/image\/"},"sameAs":["https:\/\/www.youtube.com\/channel\/UC6bKkiPq-5OK8IiQqcGTttg"]}]}},"_links":{"self":[{"href":"https:\/\/www.elevamon.com\/ca\/wp-json\/wp\/v2\/project\/1880","targetHints":{"allow":["GET"]}}],"collection":[{"href":"https:\/\/www.elevamon.com\/ca\/wp-json\/wp\/v2\/project"}],"about":[{"href":"https:\/\/www.elevamon.com\/ca\/wp-json\/wp\/v2\/types\/project"}],"author":[{"embeddable":true,"href":"https:\/\/www.elevamon.com\/ca\/wp-json\/wp\/v2\/users\/2"}],"replies":[{"embeddable":true,"href":"https:\/\/www.elevamon.com\/ca\/wp-json\/wp\/v2\/comments?post=1880"}],"version-history":[{"count":0,"href":"https:\/\/www.elevamon.com\/ca\/wp-json\/wp\/v2\/project\/1880\/revisions"}],"wp:featuredmedia":[{"embeddable":true,"href":"https:\/\/www.elevamon.com\/ca\/wp-json\/wp\/v2\/media\/1823"}],"wp:attachment":[{"href":"https:\/\/www.elevamon.com\/ca\/wp-json\/wp\/v2\/media?parent=1880"}],"wp:term":[{"taxonomy":"project_category","embeddable":true,"href":"https:\/\/www.elevamon.com\/ca\/wp-json\/wp\/v2\/project_category?post=1880"},{"taxonomy":"project_tag","embeddable":true,"href":"https:\/\/www.elevamon.com\/ca\/wp-json\/wp\/v2\/project_tag?post=1880"}],"curies":[{"name":"wp","href":"https:\/\/api.w.org\/{rel}","templated":true}]}}

Muntatge de cabina a Sant Cugat (VÍDEO)

<p>[et_pb_section fb_built=&#8221;1&#8243; _builder_version=&#8221;4.2.2&#8243; global_colors_info=&#8221;{}&#8221;][et_pb_row column_structure=&#8221;1_2,1_2&#8243; _builder_version=&#8221;4.2.2&#8243; global_colors_info=&#8221;{}&#8221;][et_pb_column type=&#8221;1_2&#8243; _builder_version=&#8221;4.2.2&#8243; global_colors_info=&#8221;{}&#8221;][et_pb_video src=&#8221;https://youtu.be/RfOqY6ZXPO0&#8243; image_src=&#8221;//i.ytimg.com/vi/RfOqY6ZXPO0/hqdefault.jpg&#8221; _builder_version=&#8221;4.14.5&#8243; global_colors_info=&#8221;{}&#8221;][/et_pb_video][/et_pb_column][et_pb_column type=&#8221;1_2&#8243; _builder_version=&#8221;4.2.2&#8243; global_colors_info=&#8221;{}&#8221;][et_pb_text _builder_version=&#8221;4.14.5&#8243; header_3_line_height=&#8221;1.4em&#8221; custom_margin=&#8221;42px|||||&#8221; global_colors_info=&#8221;{}&#8221;]</p>
<h3 style="text-align: center;"><strong>MUNTATGE DE CABINA</strong></h3>
<p>[/et_pb_text][et_pb_text _builder_version=&#8221;4.14.5&#8243; global_colors_info=&#8221;{}&#8221;]</p>
<p style="text-align: center;">Els nostres tècnics han fet el muntatge d&#8217;una cabina a Sant Cugat del Vallès.</p>
<p>[/et_pb_text][/et_pb_column][/et_pb_row][/et_pb_section]</p>

<p>MUNTATGE DE CABINAEls nostres tècnics han fet el muntatge d&#8217;una cabina a Sant Cugat del Vallès.</p>

<!-- This site is optimized with the Yoast SEO plugin v26.8 - https://yoast.com/product/yoast-seo-wordpress/ -->
<title>Muntatge cabina ascensor Sant Cugat del Vallès | Elevamon Elevadors S.L.</title>
<meta name="robots" content="index, follow, max-snippet:-1, max-image-preview:large, max-video-preview:-1" />
<link rel="canonical" href="https://www.elevamon.com/ca/mantenimiento-ascensores-montacargas/muntatge-de-cabina-a-sant-cugat-video/" />
<meta property="og:locale" content="ca_ES" />
<meta property="og:type" content="article" />
<meta property="og:title" content="Muntatge cabina ascensor Sant Cugat del Vallès | Elevamon Elevadors S.L." />
<meta property="og:description" content="MUNTATGE DE CABINAEls nostres tècnics han fet el muntatge d&#039;una cabina a Sant Cugat del Vallès." />
<meta property="og:url" content="https://www.elevamon.com/ca/mantenimiento-ascensores-montacargas/muntatge-de-cabina-a-sant-cugat-video/" />
<meta property="og:site_name" content="Elevamon Elevadores S.L." />
<meta property="og:image" content="https://www.elevamon.com/wp-content/uploads/2022/07/montaje-cabina-ascensor-sant-cugat-elevamon.jpg" />
	<meta property="og:image:width" content="500" />
	<meta property="og:image:height" content="354" />
	<meta property="og:image:type" content="image/jpeg" />
<meta name="twitter:card" content="summary_large_image" />
<meta name="twitter:label1" content="Temps estimat de lectura" />
	<meta name="twitter:data1" content="1 minut" />
<script type="application/ld+json" class="yoast-schema-graph">{"@context":"https://schema.org","@graph":[{"@type":"WebPage","@id":"https://www.elevamon.com/ca/mantenimiento-ascensores-montacargas/muntatge-de-cabina-a-sant-cugat-video/","url":"https://www.elevamon.com/ca/mantenimiento-ascensores-montacargas/muntatge-de-cabina-a-sant-cugat-video/","name":"Muntatge cabina ascensor Sant Cugat del Vallès | Elevamon Elevadors S.L.","isPartOf":{"@id":"https://www.elevamon.com/ca/#website"},"primaryImageOfPage":{"@id":"https://www.elevamon.com/ca/mantenimiento-ascensores-montacargas/muntatge-de-cabina-a-sant-cugat-video/#primaryimage"},"image":{"@id":"https://www.elevamon.com/ca/mantenimiento-ascensores-montacargas/muntatge-de-cabina-a-sant-cugat-video/#primaryimage"},"thumbnailUrl":"https://www.elevamon.com/wp-content/uploads/2022/07/montaje-cabina-ascensor-sant-cugat-elevamon.jpg","datePublished":"2022-07-05T13:16:57+00:00","breadcrumb":{"@id":"https://www.elevamon.com/ca/mantenimiento-ascensores-montacargas/muntatge-de-cabina-a-sant-cugat-video/#breadcrumb"},"inLanguage":"ca","potentialAction":[{"@type":"ReadAction","target":["https://www.elevamon.com/ca/mantenimiento-ascensores-montacargas/muntatge-de-cabina-a-sant-cugat-video/"]}]},{"@type":"ImageObject","inLanguage":"ca","@id":"https://www.elevamon.com/ca/mantenimiento-ascensores-montacargas/muntatge-de-cabina-a-sant-cugat-video/#primaryimage","url":"https://www.elevamon.com/wp-content/uploads/2022/07/montaje-cabina-ascensor-sant-cugat-elevamon.jpg","contentUrl":"https://www.elevamon.com/wp-content/uploads/2022/07/montaje-cabina-ascensor-sant-cugat-elevamon.jpg","width":500,"height":354,"caption":"Montaje cabina ascensor"},{"@type":"BreadcrumbList","@id":"https://www.elevamon.com/ca/mantenimiento-ascensores-montacargas/muntatge-de-cabina-a-sant-cugat-video/#breadcrumb","itemListElement":[{"@type":"ListItem","position":1,"name":"Portada","item":"https://www.elevamon.com/ca/inici/"},{"@type":"ListItem","position":2,"name":"Projects","item":"https://www.elevamon.com/ca/mantenimiento-ascensores-montacargas/"},{"@type":"ListItem","position":3,"name":"Muntatge de cabina a Sant Cugat (VÍDEO)"}]},{"@type":"WebSite","@id":"https://www.elevamon.com/ca/#website","url":"https://www.elevamon.com/ca/","name":"Elevamon Elevadores S.L.","description":"Mantenimiento de Ascensores Barcelona y Rub&iacute; | Instalaci&oacute;n, mantenimiento y reparaci&oacute;n de ascensores","publisher":{"@id":"https://www.elevamon.com/ca/#organization"},"potentialAction":[{"@type":"SearchAction","target":{"@type":"EntryPoint","urlTemplate":"https://www.elevamon.com/ca/?s={search_term_string}"},"query-input":{"@type":"PropertyValueSpecification","valueRequired":true,"valueName":"search_term_string"}}],"inLanguage":"ca"},{"@type":"Organization","@id":"https://www.elevamon.com/ca/#organization","name":"Elevamón Elevadores S.L.","url":"https://www.elevamon.com/ca/","logo":{"@type":"ImageObject","inLanguage":"ca","@id":"https://www.elevamon.com/ca/#/schema/logo/image/","url":"https://www.elevamon.com/wp-content/uploads/2019/12/logo-elevamon.png","contentUrl":"https://www.elevamon.com/wp-content/uploads/2019/12/logo-elevamon.png","width":245,"height":205,"caption":"Elevamón Elevadores S.L."},"image":{"@id":"https://www.elevamon.com/ca/#/schema/logo/image/"},"sameAs":["https://www.youtube.com/channel/UC6bKkiPq-5OK8IiQqcGTttg"]}]}</script>
<!-- / Yoast SEO plugin. -->

Muntatge cabina ascensor Sant Cugat del Vallès | Elevamon Elevadors S.L.

MUNTATGE DE CABINAEls nostres tècnics han fet el muntatge d'una cabina a Sant Cugat del Vallès.

Elevamón Elevadores S.L.
